{"id":1074,"date":"2018-07-11T09:24:46","date_gmt":"2018-07-11T06:24:46","guid":{"rendered":"http:\/\/fahrielektrik.com\/?page_id=1074"},"modified":"2022-03-16T15:40:46","modified_gmt":"2022-03-16T12:40:46","slug":"led-aydinlatma-sistemleri","status":"publish","type":"page","link":"https:\/\/fahrielektrik.com\/index.php\/hizmetlerimiz\/led-aydinlatma-sistemleri\/","title":{"rendered":"Led Ayd\u0131nlatma Sistemleri"},"content":{"rendered":"<div class=\"wpb-content-wrapper\"><p>[vc_row][vc_column][vc_single_image image=&#8221;1173&#8243; img_size=&#8221;full&#8221;][vc_column_text]<strong>Ayd\u0131nlatma Tasar\u0131m\u0131<\/strong><br \/>\nI\u015f\u0131ksal \u00f6l\u00e7\u00fcmleri do\u011fru olarak yap\u0131lm\u0131\u015f, isocandle, izolux ve renk spektrumlar\u0131 belirlenmi\u015f armat\u00fcrler ile herhangi bir mekan\u0131n kama\u015fma olmadan ayd\u0131nl\u0131k seviyelerinin \u00f6l\u00e7\u00fclerek projelendirilmesidir.<\/p>\n<p><strong>\u00d6zel \u00dcr\u00fcn Tasar\u0131mlar\u0131<\/strong><br \/>\nI\u015f\u0131k karakteristiklerine uygun, ayd\u0131nlatma ve end\u00fcstriyel tasar\u0131mc\u0131larla birlikte flexible, \u0131\u015f\u0131ksal verimli, mekana uygun tasarlanm\u0131\u015f ayd\u0131nlatma armat\u00fcrleridir.<\/p>\n<p><strong>Tar\u0131msal Alan Ayd\u0131nlatmas\u0131 (Growlight)<\/strong><br \/>\nKapal\u0131 alan serac\u0131l\u0131kta do\u011fru ve ekonomik \u0131\u015f\u0131k gereksinimi i\u00e7in uygun \u0131\u015f\u0131k dalga boylar\u0131n\u0131n hatas\u0131z uygulanmas\u0131yla verimli \u00fcr\u00fcn \u00fcretimi sa\u011flayan ayd\u0131nlatma \u00e7\u00f6z\u00fcmleridir.<\/p>\n<p><strong>Smart City Ayd\u0131nlatma<\/strong><br \/>\nLED \u00e7ipli ayd\u0131nlatma sistemlerinin d\u0131\u015f mekanlarda ve yollarda, ayd\u0131nl\u0131k seviyesinin belirli saatlerde ayarlanabilir olma \u00f6zelli\u011fi (azaltma- \u00e7o\u011faltma-kapatma), IOT sistemleri arac\u0131l\u0131\u011f\u0131yla direklerin birbirleri ile haberle\u015fmesinin sa\u011fland\u0131\u011f\u0131, direk \u00fczerlerine tak\u0131labilir mod\u00fcler park sens\u00f6rleri, internet, g\u00f6r\u00fcnt\u00fc alg\u0131lama, y\u00fcz tan\u0131ma, istendi\u011finde dijital pano uygulamas\u0131yla trafik durumu kontrol edilebilir ve istendi\u011finde bisiklet\/otomobiller i\u00e7in \u015farj \u00fcnitesi mod\u00fcl\u00fc tak\u0131labilir ak\u0131ll\u0131 sistemlerdir.<\/p>\n<p><strong>Ofis Ayd\u0131nlatma<\/strong><br \/>\n\u0130nsan odakl\u0131 ayd\u0131nlatma sistemleri ile \u00e7al\u0131\u015fan sa\u011fl\u0131\u011f\u0131n\u0131 \u00f6nceliklendiren, farkl\u0131 ve \u015f\u0131k efektlerle noktasal ve b\u00f6lgesel ayd\u0131nlatma sa\u011flayan LED armat\u00fcrlerdir.<\/p>\n<p><strong>Sportif Alan Ayd\u0131nlatmas\u0131<\/strong><br \/>\nKapal\u0131 ve a\u00e7\u0131k spor alanlar\u0131nda gerekli noktasal ayd\u0131nlatma \u00e7al\u0131\u015fmalar\u0131 yap\u0131lm\u0131\u015f, \u00e7\u0131k\u0131\u015f a\u00e7\u0131lar\u0131 uygun, direk tipi karma projekt\u00f6rler ve y\u00fcksek tavan armat\u00fcrleri ile g\u00f6lge fakt\u00f6r\u00fc son derece iyi hesap edilmi\u015f, naklen yay\u0131n ve video \u00e7ekimlerine uygun gerekli \u0131\u015f\u0131k \u0131s\u0131s\u0131 (Kelvin) sa\u011flanmas\u0131 gereken LED ayd\u0131nlatma sistemleridir.<\/p>\n<p><strong>\u015eehir Ayd\u0131nlatma Sistemleri<\/strong><br \/>\nGerekli yol s\u0131n\u0131flar\u0131na g\u00f6re dizayn edilmi\u015f olan, LED \u015eehir Ayd\u0131nlatma Armat\u00fcrleri kamu kurumlar\u0131n\u0131n \u015fartnamelerine g\u00f6re dizayn edilmi\u015f, reflekt\u00f6r sistemi LED a\u00e7\u0131lar\u0131 g\u00f6z\u00fcn e\u015fik de\u011feri hesaplanm\u0131\u015f, zebra etkisi yaratmayacak, y\u00fcksek koruma s\u0131n\u0131fl\u0131 (IP) armat\u00fcrler ile kurulan sistemlerdir.<\/p>\n<p><strong>Peyzaj Alanlar\u0131 Ayd\u0131nlatmas\u0131<\/strong><br \/>\nPeyzaj mimarisine uygun, materyallerin estetik ayd\u0131nlatmas\u0131n\u0131 sa\u011flayan, y\u00fcksek koruma s\u0131n\u0131fl\u0131 (IP), yere g\u00f6mme, bolard, glob, indirect, wallwasher tarz\u0131nda d\u0131\u015f mekan armat\u00fcrleridir.<\/p>\n<p><strong>Bina D\u0131\u015f Cephe Ayd\u0131nlatmas\u0131<\/strong><br \/>\nBinan\u0131n mimari karakteristi\u011fini ortaya \u00e7\u0131kartacak, bina \u00fczerinde mimari \u0131\u015f\u0131k efektleri sa\u011flayacak, y\u00fcksek koruma s\u0131n\u0131fl\u0131 (IP), \u00e7e\u015fitli otomasyon sistemlerine adapte edilebilen, ayn\u0131 zamanda renk de\u011fi\u015ftirici \u00f6zellikte (RGB) bina d\u0131\u015f cephe ayd\u0131nlatma sistemi armat\u00fcrleridir.[\/vc_column_text][\/vc_column][\/vc_row]<\/p>\n<\/div>","protected":false},"excerpt":{"rendered":"<p>[vc_row][vc_column][vc_single_image image=&#8221;1173&#8243; img_size=&#8221;full&#8221;][vc_column_text]Ayd\u0131nlatma Tasar\u0131m\u0131 I\u015f\u0131ksal \u00f6l\u00e7\u00fcmleri do\u011fru olarak yap\u0131lm\u0131\u015f, isocandle, izolux ve renk spektrumlar\u0131 belirlenmi\u015f armat\u00fcrler ile herhangi bir mekan\u0131n kama\u015fma olmadan ayd\u0131nl\u0131k seviyelerinin \u00f6l\u00e7\u00fclerek projelendirilmesidir. \u00d6zel \u00dcr\u00fcn Tasar\u0131mlar\u0131 I\u015f\u0131k karakteristiklerine uygun, ayd\u0131nlatma ve end\u00fcstriyel tasar\u0131mc\u0131larla birlikte flexible, \u0131\u015f\u0131ksal verimli, mekana uygun tasarlanm\u0131\u015f ayd\u0131nlatma armat\u00fcrleridir. Tar\u0131msal Alan Ayd\u0131nlatmas\u0131 (Growlight) Kapal\u0131 alan serac\u0131l\u0131kta do\u011fru ve ekonomik&hellip;<\/p>\n","protected":false},"author":1,"featured_media":0,"parent":931,"menu_order":0,"comment_status":"closed","ping_status":"closed","template":"","meta":{"footnotes":""},"class_list":["post-1074","page","type-page","status-publish","hentry","description-off"],"_links":{"self":[{"href":"https:\/\/fahrielektrik.com\/index.php\/wp-json\/wp\/v2\/pages\/1074","targetHints":{"allow":["GET"]}}],"collection":[{"href":"https:\/\/fahrielektrik.com\/index.php\/wp-json\/wp\/v2\/pages"}],"about":[{"href":"https:\/\/fahrielektrik.com\/index.php\/wp-json\/wp\/v2\/types\/page"}],"author":[{"embeddable":true,"href":"https:\/\/fahrielektrik.com\/index.php\/wp-json\/wp\/v2\/users\/1"}],"replies":[{"embeddable":true,"href":"https:\/\/fahrielektrik.com\/index.php\/wp-json\/wp\/v2\/comments?post=1074"}],"version-history":[{"count":0,"href":"https:\/\/fahrielektrik.com\/index.php\/wp-json\/wp\/v2\/pages\/1074\/revisions"}],"up":[{"embeddable":true,"href":"https:\/\/fahrielektrik.com\/index.php\/wp-json\/wp\/v2\/pages\/931"}],"wp:attachment":[{"href":"https:\/\/fahrielektrik.com\/index.php\/wp-json\/wp\/v2\/media?parent=1074"}],"curies":[{"name":"wp","href":"https:\/\/api.w.org\/{rel}","templated":true}]}}